c) = 335*c**2 - 173*c + 989. Is m(56) prime?
False
Let x(q) = -62*q**3 - 2*q**2 - q + 2. Let p be x(1). Let a = p - -649. Is a composite?
True
Let j(t) = t**2 + 2*t - 17. Let y be j(8). Let v = -30 + y. Is ((-24662)/v)/(2/(-3)) composite?
True
Let d = 540892 + -145811. Is d prime?
False
Suppose -915 = 5*a - 5*v, 8*v - 897 = 5*a + 9*v. Is (-2)/(-18)*2 - 609620/a a prime number?
False
Let g(k) = 440*k**3 + 24*k**2 - 8*k + 22. Is g(7) a composite number?
True
Let r = -57716 + 87351. Is r a prime number?
False
Is (-8)/(((-720)/4410845)/18) a prime number?
True
Let p(d) = -18648*d - 4. Let a be p(-1). Let b = 8189 + a. Is b a prime number?
True
Let a(w) = 5*w**2 + 24*w + 2. Let o be a(-5). Suppose -o*g + 9647 = -43700. Is g composite?
False
Suppose 34659 = 9*y + 873. Let d = y - 1071. Is d a composite number?
False
Let h = -84572 + 359358. Is h composite?
True
Let r(f) = 575*f + 60. Suppose q + 10 = 3*d, 0 = 2*d + 6*q - 8*q. Is r(d) composite?
True
Let w(p) = 240*p**3 - 35*p**2 + 21*p - 65. Is w(11) a composite number?
True
Suppose 3*c = -2*s + 731159 - 154152, -5*c + 961729 = -3*s. Is c a composite number?
False
Let s(z) = 7*z**2 + 12*z + 3. Let l(h) = h - 3 - 9 + 1. Let r be l(3). Is s(r) a composite number?
True
Let g(w) = w + 7. Let k be g(-6). Let h be (-241)/5 - k/(-5). Is (2 - h) + 0 + 3 a prime number?
True
Suppose 7*k + 28 = 14*k. Suppose -5*i + 47200 = 5*r, k*r + 80 = -i + 9514. Is i prime?
False
Let x = 163076 - 94615. Is x composite?
True
Let p = -44060 - -239686. Is p composite?
True
Let b = 3841 - -705. Suppose 3*w + b = -5*i, 353 + 1160 = -w - 4*i. Let s = w + 2236. Is s a prime number?
True
Let j(b) = -7*b + 85. Let c be j(10). Is 292384/10 + 9/c a prime number?
False
Let z = 288 - 290. Suppose 0*x + 2*x + 4 = 0. Is z/(-14)*x + 16038/126 a prime number?
True
Let t(p) = -2*p**3 - p**2 + 2*p + 31860. Let x be t(0). Let n = x + -22631. Is n composite?
True
Suppose 104*a = 3247104 + 5894068 + 6928804. Is a a composite number?
True
Suppose -21508 = -4*x + 13996. Let f = x + 786. Is f a prime number?
False
Let b be (1/((-18)/240))/((-2)/3). Is 10958 + -1 - b/(-5) composite?
True
Suppose 0*j - 4*j = 667264. Let r be j/(-24) - 1/(-3). Suppose 16*s = 13*s + r. Is s prime?
False
Let h(b) = -5*b**2 - 23*b - 9. Let q be h(-4). Is (1325 + 9)*((-6)/q)/(-4) prime?
False
Suppose 5*u + 2*r = 4*u + 10, -r + 30 = 3*u. Suppose -47864 = -u*w + 17346. Is w composite?
False
Let l(y) = -y**3 + 6*y**2 - y - 7. Let u be l(5). Suppose 0 = -u*t - 2 + 2. Suppose -4*q + 0*m - 3*m = -1916, t = 4*m. Is q composite?
False
Let x(y) = -y**3 - 2*y**2 - 3*y + 8945. Suppose -18*g + 8*g = -3*g. Is x(g) prime?
False
Suppose 3*w - 4*b - 619747 = 0, -85*b + 90*b = -2*w + 413203. Is w prime?
False
Let f = 2965 + 12922. Let h = f - -3974. Is h a prime number?
True
Suppose 236*c - 8581269 - 8702663 = 0. Is c a prime number?
True
Let y(n) = 874*n - 5. Let f(j) = -437*j + 3. Let z(d) = 11*f(d) + 6*y(d). Let c be z(3). Suppose -248 - c = -2*i. Is i composite?
True
Suppose -3*i = 4*s - 9, -4*i + 9 = -i + 3*s. Let k(z) = 86*z - 5 - i + 37*z - 32*z. Is k(3) a prime number?
False
Let j(x) = x**2 - 36*x + 2. Let i be j(36). Suppose i*b + 1389 = 2347. Is b a prime number?
True
Let c(s) = -5 - 4 + 14*s**2 + 3*s**2 + 2. Suppose -2*n - 3*n = -50. Is c(n) a prime number?
True
Let n be 39678/(-7) + 10/35. Let g = 9989 + n. Is g a composite number?
True
Let p = 8246 + 4983. Is p composite?
False
Let d = -78546 + 166729. Is d prime?
False
Let t = 417899 - 268228. Is t composite?
True
Let f(b) = 187*b**2 - 21*b - 109. Is f(-15) a prime number?
True
Let j(t) = -522*t - 1114. Is j(-10) a composite number?
True
Suppose -h = -o - 40449, h - 5692 = 2*o + 34753. Is h prime?
False
Let t(o) = 2*o + 34. Let m be t(-16). Suppose 869 = 4*z - 5*k - 0*k, 657 = 3*z - m*k. Is z a composite number?
True
Suppose -4*h + 1311 + 2094 = v, 0 = 3*h - 12. Suppose 14*y = v + 69369. Is y prime?
True
Suppose -4*k + 89005 = 3*s, -32*k = -28*k - s - 88993. Let h = 42338 - k. Is h a prime number?
True
Suppose a + 2*u - 36971 = 162500, 2*a - 398960 = -u. Is a a prime number?
True
Let o(d) = -d**3 + 16*d**2 - 22*d + 8. Suppose 8*g - 52 = 6*g. Suppose i - g = 5*h, 4*h + 0*h = i - 23. Is o(i) prime?
False
Suppose 3*v = 2*y - 73, -y + 5*y = -2*v + 138. Suppose y*q + 7132 = 39*q. Is q a composite number?
False
Suppose -3*h = -66258 - 119874. Suppose 9*l - h = -13165. Is l a prime number?
True
Suppose -26844 - 217523 = -g. Is g composite?
False
Let o = 496 - -28653. Is o prime?
False
Suppose -2*h = 8*o - 571586, -11*h - 2*o + 571556 = -9*h. Is h composite?
False
Suppose -75*w = -80*w + 595. Let b(c) = 24 - 10*c + 72*c + w*c. Is b(7) composite?
False
Let v(w) = -31*w + 107. Let k be v(-36). Suppose 7*u - 8286 = -k. Is u a composite number?
False
Let c be (3*6/(-9))/((-16)/(-88)). Let p be 4*(-5 - (c + 5)). Suppose -p*b = 4*l - 6*l - 84, 0 = 5*b + 3*l - 127. Is b a prime number?
True
Let a(s) = 81435*s**2 - s. Let b be a(-1). Suppose b = 15*l + 26821. Is l a composite number?
True
Suppose 5*s = 362 - 377, 4*n - 152095 = s. Is n prime?
False
Let x(z) = 81*z + 18. Let i(f) = -f**2 - 9*f - 5. Let j be i(-3). Let u be x(j). Suppose -11*y = -u - 3032. Is y a composite number?
False
Let p(w) = w**2 - 15*w - 5. Let s be p(12). Let t = s - -51. Suppose 9636 = 2*c + t*c. Is c composite?
True
Let r be (0/(-2))/(-5)*1. Suppose -4*w - 5*u + 1058 = r, -5*u - 3 - 7 = 0. Suppose -2*f - 268 = -2*x, f + w = 5*x - 3*x. Is x a prime number?
False
Let y = 67 + -590. Let d = -1348 - y. Let k = -202 - d. Is k prime?
False
Let v be (10273 - 1) + 0 + 0/(-21). Suppose p + 3*i - 4643 = 5669, v = p - 5*i. Is p a composite number?
True
Suppose 5*g - 55 = -5*w, -4*w + 3*g + 28 - 5 = 0. Suppose 0 = -4*l + 8, 7094 = 3*i + 12*l - w*l. Is i prime?
False
Let x(s) = 129170*s**3 + 3*s**2 + 10*s - 14. Is x(1) a prime number?
True
Let w(v) = v**2 + 5*v - 30. Let c be w(-9). Is (-36377)/(-11) + c/3 composite?
True
Let j = 881 - 395. Suppose 7*i + d - 818 = 2*i, 3*d = -3*i + j. Let m = i - -167. Is m composite?
False
Let z(l) = 586*l + 787. Is z(21) a prime number?
True
Suppose 0 = 58*r - 3034528 - 839909 - 71941. Is r a composite number?
False
Suppose -3*d - t - 100 = 48, -5*d = -4*t + 224. Let q be (d/15 - -3) + (-2)/(-10). Suppose 9*m - 1751 - 148 = q. Is m a composite number?
False
Suppose 2*y + 5*l = 101332, 2*l = 4*y + l - 202664. Suppose -17*j = -32685 - y. Is j prime?
True
Let n = -411451 - -724850. Is n a prime number?
True
Suppose -3*q - 4*a = -251, 3*q + q - 2*a = 364. Suppose 34*i = q*i - 1339745. Is i a composite number?
False
Suppose 9*s + 526 = -5*j + 10*s, -5*s = j + 126. Let l = 505 - j. Is l prime?
False
Suppose -451 = -2*a + 1519. Let i = 3541 + -3536. Suppose i*h + 240 = a. Is h a prime number?
True
Let s(k) = -k**3 + 35*k**2 + 15*k + 62. Let g be (31 + 8 + -4)/1. Is s(g) a prime number?
True
Let m(a) = 2161*a**3 - 8*a**2 - 15*a + 89. Is m(5) a prime number?
True
Is (151462/(-6))/((-186)/558) composite?
False
Let x = -4886 - 2860. Let o = -125 - x. Is o prime?
True
Let r(p) = 4*p**2 - 22*p + 34 + 43*p - 43*p. Is r(-14) prime?
False
Suppose 10*j = 5*r - 992765, 5*r - 595631 = 2*r - j. Is r a composite number?
True
Let n(s) = 1314*s**2 - 79*s - 414. Is n(-5) composite?
False
Let t(h) = 612*h**2 + h + 5. Let a be t(4). Suppose 4*y - 517 = -4*z - a, z = -1. Let g = y + 4613. Is g a composite number?
False
Let y be 1*2 + (-2)/((-20)/24890). Let l = y - 2. Is l composite?
True
Let d(o) = 28*o + 138. Suppose 0 = 5*f + 5*c - 10, -2*c = -0*c + 6. Let v(u) = 14*u + 69. Let l(h) = f*v(h) - 2*d(h). Is l(8) prime?
True
Suppose 5*k = 750 - 225. Let a = 2782 + k. Is a prime?
True
Is 48976 + (-7*-7*(-4)/98 - 1) a prime number?
True
Suppose -13*k = -18*k - 2*s + 294961, -5*k - s + 294958 = 0. Is k a composite number?
False
Suppose -39957*l + 2594965 = -39952*l. Is l a composite number?
True
Let m(x) = -9*x**3 - 3*x + 2. Let v be m(1). Let f be (862 + -1)/(1 + v + 8). Let k = f - -2626. Is k a prime number?
False
Let t(s) = 1008*s**2 - 1. Suppose 8*n + 403 + 277 = 0. Let m = 84 + n. Is t(m) a composite number?
True
Let j(k) = 2723*k**3 - 3*k + 1. Let i be 1*(-4 + 6 + -1). Suppose -4*c - 3*l + i = -3*c, 5*c + 4*l = 5. Is j(c) prime?
False
Let z(i) = -i**2 + 17*i -